 Suppose -122 = d*i - 113. Let n(a) = -5 + 5*a**2 - 4*a**2 + 3*a + 2. Determine n(i).
-3
Let k be (324/12 - 26)*(0 - 10). Let a(j) = 4*j + 3. What is a(k)?
-37
Let n(w) = -w + 1. Let g(h) = -5*h**2 + 5*h + 11. Let o(p) = 2*p**2 - 2*p - 4. Let x(l) = 3*g(l) + 8*o(l). Let t be x(2). Suppose 0 = -t*d + d. What is n(d)?
1
Let x(b) = 4*b - 8*b + 38*b - 24*b - 1 - 9*b. What is x(6)?
5
Let z = -877 - -877. Let j(t) = -t**3 - t**2 + 34. Calculate j(z).
34
Suppose 5576*a = 5637*a + 671. Let h(n) = n**3 + 10*n**2 - 16*n - 33. What is h(a)?
22
Let s(x) = -3*x - 23. Let c = 19 + -17. Suppose 2*i - 50 = 5*w - 0*i, c*i - 26 = 2*w. Let z be s(w). Let d(j) = -17*j**2 + j - 1. Determine d(z).
-17
Let d be 25/10*((-108)/15 - -8). Let w(j) = -8*j**2 - 2*j + 6. Give w(d).
-30
Let f(o) = -25*o + 60. Let j(a) = -7*a + 16. Let d(w) = -f(w) + 4*j(w). Calculate d(3).
-5
Let w(f) = 3*f**3 - 20*f**2 + 5*f - 2. Let r = -13129 + 13135. What is w(r)?
-44
Let v = 1972 - 1980. Let m(a) be the first derivative of a**4/4 + 7*a**3/3 - 7*a**2/2 + 9*a - 6. Determine m(v).
1
Suppose 0 = 2*p, -c - 4*p = -7*p - 2. Let w(g) = -g**2 - 4*g**2 + 9*g - 4 - g**2 + 7*g**c - 3*g. What is w(-5)?
-9
Suppose 5*q - 3*q + 28 = 0. Let r(x) be the first derivative of x**2/2 + 12*x - 6130. Calculate r(q).
-2
Let o(u) be the third derivative of u**5/60 - 5*u**4/24 + u**3/2 + 2*u**2 + 535*u. Give o(1).
-1
Let a = -32 + 37. Let q(t) = -2*t**2 + 10 - 18 + 6*t**2 + t**3 - t + a. Determine q(-5).
-23
Let p(d) = 5*d - 199. Suppose 569*k - 481*k = 3520. Determine p(k).
1
Suppose -28*r - 5*p - 50 = -23*r, -4*p = -r + 25. Let q(t) = -2*t**3 - 8*t**2 + 7*t + 29. Determine q(r).
-10
Let h(o) = -6*o + 78. Let u be h(14). Let d(k) = -19*k + 23. Let t(g) = 41*g - 45. Let c(x) = u*t(x) - 13*d(x). Give c(0).
-29
Suppose -5*w - 3*b - 12 = 0, 2*w = -2*w + 3*b - 15. Let v = w + 25. Suppose -2*r = v - 14. Let z(c) = c**2 + 6*c + 2. What is z(r)?
-6
Let i = 13 - 8. Suppose 5*s = -2*h - 40, 3*s - i*s - 4*h - 32 = 0. Let v(u) be the third derivative of -u**4/24 + 2*u**3/3 + 5718*u**2. Give v(s).
10
Let i(n) = n**3 + 5*n**2 + 3*n + 6. Let t be (5 - 4)*(-15)/3. Let c be i(t). Let v = 4 + c. Let j(q) = -q - 5. Determine j(v).
0
Let h(u) = u**2 - 5*u + 1. Let s = 722 + -416. Suppose -s + 114 = 8*q. Let a be (3 - 0)*(-32)/q. Determine h(a).
-3
Let n(g) = -g**3 + 6*g**2 - 3*g - 6. Let t be n(5). Let z = -116 - -118. Let d(v) = -t*v - v**z + 72 + 2*v - v - 70. Give d(-3).
2
Let v(p) = p**2 + 10*p - 3. Let a be 4*1 - (10 + -257 + -13). Let o be a/8*3/18*-2. What is v(o)?
8
Let c(w) be the third derivative of -21*w + w**2 + 0 + 4/3*w**3 + 1/3*w**4. What is c(-6)?
-40
Let k(a) = 96*a**2 + 23*a - 9. Let s(z) = -52*z**2 - 13*z + 5. Let j(f) = -4*k(f) - 7*s(f). Determine j(1).
-20
Let x(s) = -6*s - 2*s - 2*s + 0*s + 152 + 4*s. Let i be x(25). Let f(n) = -n**2 - 1. Determine f(i).
-5
Suppose 44*w - 30 = 14*w. Let u(p) = 34*p**2 + p. What is u(w)?
35
Suppose 5*z - 4*z + 4 = 0. Let i(h) = -h**2 - 4*h - 3. Let l be i(z). Let k(o) be the third derivative of o**4/24 + o**3/6 + 8754*o**2. Give k(l).
-2
Let v(m) = m**3 + 15*m**2 - 17*m - 23. Let h(s) be the second derivative of -35*s**3/6 - 261*s**2/2 + 153*s - 1. Let o be h(-7). Determine v(o).
-7
Let q be (188/(-141))/((-2)/18*-2). Let c be (-4)/(-10)*q/((-48)/20). Let j(y) = -5*y + 1. Determine j(c).
-4
Suppose 5*s - 4 = -1206*c + 1208*c, -3*c = -2*s - 5. Let d(h) be the second derivative of -12*h + 1/2*h**2 - 1/3*h**c + 0. Determine d(-2).
5
Suppose -u - 3*c + 2 = 0, 0*u - 2*c = -4*u + 22. Let p(b) be the third derivative of -b**3 + 0 - 1/12*b**4 - 5*b**2 + 0*b. Determine p(u).
-16
Let w(h) = 858 + 7*h - 881 - 14*h + 10*h. Give w(-6).
-41
Let x(c) = -c**3 + 10*c + 2. Suppose -496 = 82*b + 111*b + 276. Calculate x(b).
26
Let b(m) be the first derivative of -m**3/3 - m**2 + 39*m + 1045. Calculate b(0).
39
Let f(r) = -r - 812 + 2*r**2 + 812. Let w = 9560 - 9558. Calculate f(w).
6
Let t(m) = -11*m**2 - 3*m + 6*m + 3*m - m. Let o(b) = 16*b**2 - 7*b. Let r(q) = 5*o(q) + 7*t(q). Suppose 5*w + 10 = -i, 3*w + 3*i = 13 - 31. Calculate r(w).
3
Let r(m) = -m**3 + 2*m**2 + m + 4. Let d(w) = 3*w + 3. Let n be d(8). Let g = -21 + n. Suppose -18*x + 16*x = -g. Determine r(x).
-2
Let r(x) = -276*x - 27 + 543*x - 288*x. Let d(k) = -18*k - 28. Let y(j) = -6*d(j) + 5*r(j). Determine y(-9).
6
Let n(v) = 0*v + 4*v - 9 - 3*v + v. Let l = 70 - 66. Let t(c) = 3*c**2 - 9*c - 2. Let k be t(l). Determine n(k).
11
Let t(z) = z**2 + 2. Let j(y) = 3*y**2 + 31*y - 118. Let g(b) = -j(b) + 4*t(b). Calculate g(26).
-4
Let u(l) = 2*l - 5. Let c(y) = -y**2 + 17*y + 177. Let x(n) = c(n) - 6*u(n). What is x(17)?
3
Let b(s) = 0*s - 6*s - 21 - 8*s - 7265*s**2 + 7266*s**2. What is b(16)?
11
Let x(p) = 11*p**3 - 17*p**2 + 7*p + 2. Let o(r) = 13*r**3 - 19*r**2 + 6*r + 1. Let i(n) = -5*o(n) + 6*x(n). What is i(4)?
7
Let a be ((-12)/(-24) - 0)*(-3 - -19). Let o(k) = -3*k**2 + 20*k - 11. Calculate o(a).
-43
Let x be 21*((-791)/49 + 16). Let c(v) = 2*v + 5. Let d(b) = -3*b - 7. Let k(f) = -f**2 - 6*f. Let u be k(-5). Let i(a) = u*d(a) + 8*c(a). Give i(x).
2
Let f(g) = 33 + g - 66 + 35. Let d(s) = s + 4. Let t(m) = -3*d(m) + 6*f(m). Suppose -4*y = -y + 3*h + 21, -y - 27 = 5*h. Determine t(y).
-6
Let s(y) = -20*y**2 + 7*y - 3. Let m be s(1). Let i(n) = n**2 + 2*n - 225. Let l be i(m). Let t(h) = -3*h**3 - h**2. Determine t(l).
2
Let g(t) = 12*t + 33. Suppose w - 5 = -5*h, -824*h - 3*w + 15 = -822*h. Calculate g(h).
33
Suppose -18 = 4*k - 13*k. Suppose 14*d + k*d = -17*d. Let b(c) be the first derivative of c**4/4 + c**3/3 - 4*c - 2. Calculate b(d).
-4
Let u(x) be the third derivative of x**5/60 - 2*x**3/3 + 2*x**2 - 165. Let m(t) = -t**3 - 7*t**2 - 5*t + 11. Let h be m(-6). Calculate u(h).
21
Let s(x) be the first derivative of -11*x**2/2 + 71*x + 2407. Give s(11).
-50
Let j be (-1)/(-5) + 170/25. Suppose -4*t - 4*d + j*d + 110 = 0, 10 = 5*d. Let u(a) = 30*a - 7 + 5 - t*a. Calculate u(-7).
-9
Let a(w) = -8*w**2 + 13*w - 6. Let j(n) = 10*n**2 - 14*n + 5. Suppose h = -t, 4*h = -8*t + 3*t + 4. Let l(g) = t*a(g) + 3*j(g). Calculate l(6).
-21
Suppose c = 3*h - 83 + 1, 2*c - 211 = -9*h. Let p(y) = -2*y**2 + 51*y - 42. What is p(h)?
-17
Let l(a) = -4 - 2 + 143*a - 245*a + 122*a. Determine l(-2).
-46
Let l be (-1 - -20)/(1/5*5). Let h be (l/57)/(1/(-21)). Let z(i) = -i**3 - 7*i**2 + 0*i + 10 + 2*i - i. Give z(h).
3
Suppose -17380*z - 140 = -17390*z. Let s(w) = 2*w**2 - 15*w - 33. Give s(z).
149
Suppose 0 = 3*q + m - 36, 5*q - m - 9 - 43 = 0. Suppose -q*s - 100 = -23. Let o(g) = g + 12. Give o(s).
5
Let u(z) be the third derivative of -z**5/20 + z**3/2 + z**2. Let v(t) = -t**2 - t. Let c = -1026 + 1025. Let r(n) = c*u(n) + 4*v(n). What is r(-2)?
1
Let t = 24 - 21. Suppose 17 = 2*n - t. Suppose 2*s - 5*v = -n*v + 9, -5*v + 15 = 0. Let k(u) = -u**2 - 4*u. Determine k(s).
3
Suppose -2*p + 11 = -5*u + 13, 0 = -2*p + 2*u + 4. Let k(j) = j**2 + 3*j - 5. Give k(p).
23
Let w(r) = r**2 + 5*r + 5. Let n be (-7)/(-4)*(-92)/(-23). Suppose -2*s + 2 = 0, 4*s = -2*d + s - n. Calculate w(d).
5
Suppose w = -5*q + 12, 0 = 36*q - 31*q - 5*w. Let u(x) = 20*x - 48. Determine u(q).
-8
Suppose 419 = -4*x - h, -4*x + 2*x - 2*h = 214. Suppose -633 - 809 = 14*q. Let g = x - q. Let b(p) = -3*p**2 + p + 1. Give b(g).
-3
Let d(m) = m**3 - 4*m**2 + 5*m - 26. Suppose 3*u - 27 = -3*p, -71*u + 69*u = -8*p + 32. Determine d(u).
-6
Let b be ((-38)/2 - 2)/(7/1 + -6). Let o(c) = -5*c - 8. What is o(b)?
97
Let p(v) = 4*v**2 - 48*v + 33. Let z be p(11). Let m(d) = 13*d + 2*d**2 - 8 + 7*d + 3*d + 22. Give m(z).
3
Let r(v) = 2*v**2 + 7*v + 5. Suppose 2*b = -30 + 44. Suppose -9*p + 8*p = -s - b, -5 = -s - 5*p. Determine r(s).
20
Let d(u) = -2*u**3 - 17*u**2 - 16*u - 23. Let t be d(-8). Let a = t + -49. Let y(x) = x**3 + 7*x**2 - 11*x - 5. Determine y(a).
19
Let l(p) = -5*p**2 - 4*p - 3. Let c be 3 - ((-20)/5 - -8 - 43). Let z(y) = -42*y + 2. Let r be z(-1). Let d = c - r. Give l(d).
-15
Let g(r) be the third derivative of r**4/8 - 25*r**3/6 + 3*r**2 - 737*r + 1. Calculate g(10).
5
Suppose 0 + 6 = 3*q. Let j(d) = 3 + 0*d + 2*d**2 + d**3 + 4*d - d**3 + q*d**3. Suppose 8*v - 4*v = 2*a + 2, 0 = -4*v - 5*a - 33. Give j(v).
-13
Let c(u) = -u**3 - 2*u**2 + 11*u - 6. Let s be c(-5). Suppose